
2, 13
Suppose -3*d + 3 + 12 = 5*a, 5*a + 5*d = 25. Suppose a = i - 13 + 5. List the prime factors of i.
2
List the prime factors of -14*(-4)/((-24)/(-15)).
5, 7
Suppose n - 5*n - 12 = 0, -n = 2*d - 7. Suppose 5*w = -5*t + d, 4*w + 2*t - 3 = 1. Let r = 4 - w. List the prime factors of r.
3
Let m(s) = -2*s - 10. Let b(o) = o + 5. Let u(j) = 7*b(j) + 3*m(j). Let p be u(0). Suppose 3*h - 31 = 5*l, 4*h + 2*l = p*l + 23. List the prime factors of h.
2
Let m = 17 - 23. Let t(c) = -c**2 - 5*c + 11. List the prime factors of t(m).
5
Suppose -4*j + 48 + 16 = 4*y, -j = -2*y + 17. Let b(p) = -8*p**3 - 5*p + 4. Let f be b(1). List the prime factors of 1 + 9 + y + f.
2, 3
Let c(g) be the third derivative of -g**6/120 - g**5/12 + 7*g**4/24 + 7*g**3/6 + 3*g**2. Let a be c(-6). Let l = a - -5. What are the prime factors of l?
2, 3
Suppose -z - 96 = -8*a + 3*a, 0 = a - 5*z. List the prime factors of a.
2, 5
Let n = 8 + -4. Suppose n*x - 15 = x. Suppose 18 = x*z - 4*i, -4*z + 58 = 4*i + 22. What are the prime factors of z?
2, 3
Suppose c - 3*a = 32, -c = -3*c + 4*a + 70. What are the prime factors of c?
41
Let h(p) be the first derivative of p**4/4 + 5*p**3/3 - 4*p**2 + p + 1. What are the prime factors of h(-6)?
13
Suppose -5*s - 260 - 194 = g, -2*s + 3*g - 168 = 0. Let h be 2/7 + s/21. Let c = h + 7. What are the prime factors of c?
3
Suppose -5*o + 3*o + 30 = 0. Suppose 160 = o*v - 11*v. What are the prime factors of v?
2, 5
Suppose 3*l - 5*l = -124. List the prime factors of l.
2, 31
Let i = 8 - 3. Suppose i*d = -2*n + 53, -2*n - 20 = -2*d - 4*n. What are the prime factors of d?
11
Let x(j) = -2*j**2 + 0*j**2 + j**2 + 5 + 8*j + 3*j**2. What are the prime factors of x(-5)?
3, 5
Suppose 3*a + i - 369 = -2*i, -5*a - i = -607. What are the prime factors of a?
11
Let m(r) = r**3 - r**2 + 2*r. Let h be (-3 - -5) + (2 - 2). List the prime factors of m(h).
2
Let j = 3 + 0. Let z(g) = 4*g - 1 - 5*g - j*g**2 + 2*g**3 - 3*g**3. List the prime factors of z(-3).
2
Let o(z) = -29*z**3 - 2*z**2 - 2*z - 1. List the prime factors of o(-1).
2, 7
Let o be (3 - 14/6)*3. Suppose w = o*w - 84. Suppose -4*v - 4*r + w = 0, 3*r - 15 = -0*r. What are the prime factors of v?
2
Suppose 5*c - 103 - 122 = 0. Suppose 0*y = 5*z + 3*y - c, 5*z + 4*y = 40. List the prime factors of z.
2, 3
List the prime factors of 2940/25 - (-2)/5.
2, 59
Let y = -33 - -64. What are the prime factors of y?
31
Let c = -5 + 9. Let u = 23 + -23. Suppose u = -c*y - 0*y + j + 63, -j = -2*y + 31. What are the prime factors of y?
2
Let d(l) = 2*l - 12. Let f be d(6). Suppose -4*w + 0*o + 212 = 4*o, -4*o = f. Suppose 3*m = -12, 0 = 3*z - 5*m - w - 24. What are the prime factors of z?
19
Let d(p) = 23 - 10*p + 2*p**2 - 15 + 0*p**2. Let c be d(6). Suppose 3*i - 4*i - 72 = -5*l, l - 3*i - c = 0. List the prime factors of l.
2, 7
Let c = 84 - 58. What are the prime factors of c?
2, 13
Let n(p) = 54*p**3 - p**2 + p + 1. What are the prime factors of n(1)?
5, 11
Let y be ((-3)/6)/(4/48). Let l = y - -8. Suppose m = l + 6. List the prime factors of m.
2
List the prime factors of 6/33 + (-174)/(-11).
2
Suppose 2*a + 15 = 3*v + 2*v, a + 4*v = 25. Suppose 4*c - c + b - 31 = 0, -a*c - b + 49 = 0. Let p = c + -5. What are the prime factors of p?
2
Suppose 136*c - 135*c = 197. List the prime factors of c.
197
Suppose 0 = -k + 8 + 13. Suppose w = -0*w, 3*w = 3*f - k. List the prime factors of f.
7
Let l = 23 - 16. What are the prime factors of l + -4 + 1*5?
2
Suppose 3*m + 8 = -m. Let h be ((-2)/3)/m*-15. Let s = h + 19. What are the prime factors of s?
2, 7
Let a(n) = 11*n - 36. List the prime factors of a(12).
2, 3
Suppose 4*l = l + 15. Suppose -l*m + 6 = -4. What are the prime factors of m?
2
Let n(g) = -56*g**3 + 1. List the prime factors of n(-1).
3, 19
Suppose 0 = -11*q + 10*q + 40. What are the prime factors of q?
2, 5
Let g = 3 + 1. Suppose g*t = 3*t + 5. Suppose 0 = t*h - 5, 6*h = r + 2*h - 12. List the prime factors of r.
2
Suppose -24 = -0*u - u. Suppose 5*z - u = 21. Suppose 0*i = -i + z. What are the prime factors of i?
3
Let s(k) = -2 + 0 - k**3 + 3*k + 2*k**2 + 4. List the prime factors of s(3).
2
Let i = -68 + 96. Suppose -x - x = -i. List the prime factors of x.
2, 7
Let w(f) = 3*f**3 + 25*f**2 + 3*f + 11. Let r(q) = -4*q**3 - 37*q**2 - 4*q - 16. Let i(a) = 5*r(a) + 7*w(a). List the prime factors of i(10).
7
Suppose -4*v + 2*a = -0 + 2, 0 = 5*v - 4*a + 10. What are the prime factors of 119/14 + 1/v?
3
Let y = 280 + -39. List the prime factors of y.
241
Suppose -38 = -5*a - 8. Let w = a - -10. List the prime factors of w.
2
Let t(n) be the second derivative of -n**5/20 + 2*n**4/3 - 2*n**3/3 - n**2 + n. What are the prime factors of t(7)?
19
Let r(t) = t**3 - 3*t**2 - 5*t + 3. What are the prime factors of r(5)?
2, 7
Let k = -10 - -7. What are the prime factors of (-30)/(k + -1 + 3)?
2, 3, 5
Let p be (-3)/(-1)*1 - 1. Suppose -5*n + 6*u + 66 = p*u, -5*u = n - 19. What are the prime factors of n?
2, 7
Let y = -255 + 365. What are the prime factors of y?
2, 5, 11
Let o(j) = j - 5. Let u be o(7). Suppose -u*w + 60 = -0*w. List the prime factors of w.
2, 3, 5
Let z be (-1)/(-2)*6 - -2. Suppose -2*n - 3*n = w - 6, -4*w = z*n - 9. What are the prime factors of ((-25)/10)/(n/(-2))?
5
Let o(i) = -i**3 + 4*i**2 + 3*i - 5. Let s be o(5). Let p be (-56)/(-5) - (-3)/s. Let b = p + -3. What are the prime factors of b?
2
Let a(x) = -8*x + 111. What are the prime factors of a(0)?
3, 37
Let h = -7 - -9. Suppose -t + h = 0, f + t = -0*f + 4. List the prime factors of f.
2
Let s = -126 - -186. List the prime factors of s.
2, 3, 5
Let r = -9 - -9. Suppose 0*m + 4*m = 8. Suppose r = -4*z + 20, -m*z + 34 = -0*u + 3*u. List the prime factors of u.
2
Suppose -2*u - 6 = 2*m, 3*u - 2*m + 4 = -5. Let k = 11 + u. What are the prime factors of k?
2
Suppose 4*k - 468 = 3*t, -3*t + 553 = 4*k + 109. What are the prime factors of 6/10 - k/(-10)?
2, 3
Let v(r) = -r**3 - 6*r**2 + 8*r - 3. Let y be v(-7). Let k be (-100)/7 - 6/(-21). Let f = y - k. List the prime factors of f.
2
Suppose -d - 2 = -7. Let c(v) = 2*v**2 + 2*v. Let k be c(-2). Suppose 0*q - k*q = -2*l + 8, 2*l = d*q + 4. What are the prime factors of l?
2, 3
Let l = -23 + -2. Let h = l - -48. List the prime factors of h.
23
Suppose -110 = -7*u + 2*u. List the prime factors of u.
2, 11
Let b = -7 + 5. List the prime factors of ((-18)/(-2))/((-1)/b).
2, 3
Let p(k) be the second derivative of -3*k + 0 - 1/4*k**4 + 1/20*k**5 + 1/6*k**3 + 0*k**2. List the prime factors of p(3).
3
Suppose 0 = -6*g - 3*g + 3033. List the prime factors of g.
337
Suppose 0 = -5*n - 1 + 11. List the prime factors of n - (-1 - 1) - 1.
3
Suppose 2*m - 7*m = -10. Suppose -10 = 2*k - 3*j - 49, -m*k + 21 = 3*j. What are the prime factors of k?
3, 5
Suppose -39 = -5*y + 11. Let x = y + -1. List the prime factors of x.
3
Let a(q) = q**2 - 2*q + 4. Suppose 0 = 4*w - 5*w + 9. Suppose -3*g + 0*g + w = 0. List the prime factors of a(g).
7
List the prime factors of 29 + 0*3/(-12).
29
Suppose 2*o - 12 = -3*p, -2*p + 4*p + 4*o = 8. Suppose -p*j + 19 = 3. List the prime factors of j.
2
Let k = -21 - -5. Let f = k + 27. What are the prime factors of f?
11
Let o(q) = -q - 1. Let k be (-2)/(-1) - 7/1. Let c be o(k). What are the prime factors of 13/2 + (-2)/c?
2, 3
Suppose 2*g + 1545 = 4*p + p, 2*g - 10 = 0. What are the prime factors of p?
311
Let l(t) = 2*t**2 - 10*t + 4. List the prime factors of l(8).
2, 13
Let k(l) = 3*l**3 + 4 + 0*l**3 + 7*l**2 - 2*l**3 + 5*l. List the prime factors of k(-6).
2, 5
What are the prime factors of (-4 - (-30 + -3)) + 4?
3, 11
List the prime factors of -1*2*(1 + -13).
2, 3
Suppose 2*d - 125 = -5*u, 4*u - 3*d - 123 = -0*u. Suppose 2*a = 2*m - 24, -m - 3*a = -5*a - 7. Suppose 4*x - u = m. List the prime factors of x.
11
Suppose 2*k = 6*k + 20. Let j(o) = o**3 + 4*o**2 - 4*o - 4. Let m be j(k). Let s = m + 13. List the prime factors of s.
2
What are the prime factors of -2 + 58 - (-3)/(-3)?
5, 11
Let n be ((-1)/(-3))/((-4)/(-24)). Suppose 11 - 17 = -n*h. What are the prime factors of h?
3
Let g(t) = -78*t - 11. Let o(m) = -52*m - 7. Let a(f) = 5*g(f) - 8*o(f). List the prime factors of a(1).
3
Suppose 2*u + 2 - 10 = 0. Suppose 0*z - 28 = u*z. Let m = -4 - z. What are the prime factors of m?
3
S